w - 2. Let a = -23 - -13. Let r be 14/3 + a/15. Determine s(r).
2
Let r be (-1)/(2/(-5 + 1)). Let z(l) be the third derivative of l**6/120 - l**5/30 - l**3/6 + l**2. Calculate z(r).
-1
Let g(u) = 2*u - 6. Let w = -21 + 27. Determine g(w).
6
Let x be (2/4)/((-4)/8 - 0). Let q(p) = -p + 2*p**2 - 1 + 2*p**2 + 2*p**2. Determine q(x).
6
Let a(y) be the first derivative of y**3/3 - 7*y - 9. Give a(0).
-7
Let d(y) = -4 - 6*y + 2 + 5*y. Suppose 3*j + 2 = -4. Determine d(j).
0
Let n(w) = w + 2. Suppose 3*s = 25 - 4. Suppose -s = 2*o + 3. Let i(p) = -p - 1. Let x(y) = o*n(y) - 4*i(y). Calculate x(-5).
-1
Let h(m) = -m + 2. Suppose -2*b + 3*j = -j - 20, -b + j + 10 = 0. Suppose -2*x - 3*x = b. Calculate h(x).
4
Let m(s) = -1 + s**3 - 1 - 3*s + 8*s**2 - 9 + 2*s. Let f be m(-8). Let c(u) = u**2 + u - 2. Calculate c(f).
4
Let f(a) = a**2 + 3*a + 2. Suppose 2*o - 25 = 7*o - 5*t, -o = 5*t - 13. Calculate f(o).
0
Let u(a) be the second derivative of -a**3/6 + 5*a**2 - 2*a. Give u(7).
3
Let t(m) = -2*m**2 + 5*m + 1. Let w(n) = -n**2 + 4*n + 1. Let u(x) = 3*t(x) - 4*w(x). Let p be 1/(-2) + 1/(-2). Calculate u(p).
-2
Let l(q) = 5 + 3 + 2*q + 1. Suppose 7 = 3*c - 11. Let v be (-34)/c + (-2)/6. Give l(v).
-3
Suppose 3*b - 7 - 5 = 0. Suppose -b*a + 4 = -8*a. Let d(p) = -9*p**3 - 2*p**2 - p. What is d(a)?
8
Let u = -25 - -37. Suppose -f - 2*d + 18 = -3*f, 4*f + u = -2*d. Let j = 8 + f. Let q(i) = -i + 2. Give q(j).
-1
Let k = 0 - 1. Let l(j) be the third derivative of 0*j**3 - 1/6*j**4 - 2*j**2 + 0 + 0*j. Give l(k).
4
Let g(v) = v**3 - 9*v**2 + 5. Let x be g(9). Let w(j) = -j**3 + 5*j**2 + j - 5. Calculate w(x).
0
Let d be (-1)/5 + 606/30. Suppose -4*g = g - d. Suppose -g*l - 7 - 13 = 0. Let w(v) = 2*v + 6. What is w(l)?
-4
Let w be -5*(2 - 4 - -1). Let b(i) = -w*i + 0*i + 2 + 6*i + 1 - i**2. Let z = 3 + -3. Determine b(z).
3
Let m(g) = -1 + 9*g - 4 + 6. Suppose -14 = -f + 2*f - 5*i, -5*i + 20 = 5*f. Give m(f).
10
Let y(r) be the second derivative of r**5/20 + r**2 - 5*r. Let i be y(0). Let n(l) = 2*l**2 - 3*l. Give n(i).
2
Let x(c) = -c**2 - 7*c - 6. Let u(i) = i**2 - 18*i + 25. Let j be u(16). What is x(j)?
-6
Let s = 1 + 4. Let u(t) = -2 - t + 3*t**2 - t**2 - s*t**2 - t - t**3. Determine u(-2).
-2
Let g(r) = 2*r + 24. Let j(l) = -l - 12. Let z(b) = -2*g(b) - 5*j(b). Determine z(-5).
7
Let g(i) = 15*i - 3. Let f(b) = -15*b + 4. Let d(k) = 3*f(k) + 4*g(k). What is d(-1)?
-15
Let o(g) be the third derivative of -2*g**5/15 + g**4/24 - g**2. Let l(w) = 2*w**3 - 9*w**2 - 11*w + 31. Let r be l(5). What is o(r)?
-7
Let f(b) be the second derivative of b**3/6 + b**2 - 6*b. What is f(-1)?
1
Let c(a) be the third derivative of 11*a**4/24 + a**3/6 + 44*a**2. Give c(1).
12
Suppose -5*i + 12 = -2*a, 0 = 3*a - 2*i + 5*i - 3. Let r(v) be the third derivative of 1/3*v**4 - v**2 + 0*v + 0 - 1/6*v**3. What is r(a)?
-9
Let t(v) = -v**3 - 4*v**2 + 3. Let j be t(-4). Let o(k) = 4 + 8*k**2 + 5*k**3 - 2*k**3 - 6*k - 3*k - 4*k**j. Calculate o(7).
-10
Let y(j) = 2*j + 0*j - 4*j - 2. Calculate y(2).
-6
Let b(m) = 14*m + 17. Let i(j) be the first derivative of -5*j**2/2 - 6*j + 1. Let f be (-25)/9 - (-2)/(-9). Let p(x) = f*b(x) - 8*i(x). Determine p(-4).
5
Suppose -5*z = -5*w, w = -2*w - 4*z - 28. Let b(a) = a + 4. Determine b(w).
0
Let o(d) = 14*d. Let v(y) = 43*y + 1. Let n(h) = 7*o(h) - 2*v(h). Give n(2).
22
Let n(j) be the first derivative of -j**4/4 + 4*j**3/3 + 5*j**2/2 + j - 4. What is n(5)?
1
Suppose 0 = -0*n - 5*n + 20. Let f(k) = 7*k - 2*k**2 + 0*k + k**2 - 5. Give f(n).
7
Let j be (4 - (-15)/(-5))/(-1). Let o(p) be the third derivative of p**4/24 + p**3/3 + p**2. Determine o(j).
1
Let w(f) = f**3 + 3*f**2 - 7*f + 1. Let c(d) = d**2 - d + 1. Let q(u) = 4*c(u) - w(u). Suppose -17 + 2 = -3*b. Suppose l + b = 3. Determine q(l).
9
Let k(c) be the third derivative of -c**7/840 + c**6/720 - c**5/120 + c**4/6 + 4*c**2. Let g(p) be the second derivative of k(p). Calculate g(2).
-11
Let y(b) = -b**3 + b - 1. Let a(w) = -w**3 + w**2 + 3*w - 1. Let p(x) = -3*a(x) + 5*y(x). Suppose -5*j + 3 = -3*z + 1, j = -5*z - 22. Give p(j).
10
Let l(j) = 8 - 2*j**2 + 4*j**2 - 6*j - 7 + 0*j**2. Let s(f) = -4*f. Let g = 3 - 4. Let o be s(g). Give l(o).
9
Let w(q) = -17 + 8 + q**3 + 10 + q. Let y = -4 + 3. What is w(y)?
-1
Let j(z) be the first derivative of z**2 + 1. Suppose -17*t - 27 + 10 = 0. Calculate j(t).
-2
Suppose 0 = k - 4*y - 17, 2*k + 0*y = y + 13. Let d(n) = -n. Let c(q) = 2 - 4*q - 2*q + 5 + 3*q. Let s(w) = c(w) - 2*d(w). Give s(k).
2
Let a(b) = -13 + 3*b**3 - 2*b**3 - b + 12. What is a(0)?
-1
Let n(l) = l**2 + 4*l + 3. Let j(m) be the first derivative of m**3/3 + 3*m**2 - 2*m - 8. Let o be j(-6). Determine n(o).
-1
Let m(s) be the first derivative of -s**4/12 - s**3 - 3*s**2/2 + s + 2. Let y(w) be the first derivative of m(w). What is y(-3)?
6
Let z(f) be the second derivative of -f**3/6 - 4*f**2 + 3*f. Let o be z(-8). Suppose 2*t + o*t = -6. Let g(a) = a + 6. What is g(t)?
3
Let d(t) = t**3 + 6*t**2 + 5*t + 3. Let i(k) = k**2 - 13*k - 35. Let y be i(15). Give d(y).
3
Suppose -2*g + 6 = q, 4*g = q - 0*q + 12. Suppose q = 4*s + 14 + 6. Let k(z) be the first derivative of -z**4/4 - 4*z**3/3 + 5*z**2/2 + 2*z - 1. What is k(s)?
2
Let x(a) be the second derivative of -a**3/6 - a**2/2 - 4*a. Let k be (15/6)/1*2. Calculate x(k).
-6
Let h(b) be the first derivative of b**4/4 - 4*b**3/3 + 3*b**2/2 + 3*b - 5. What is h(3)?
3
Let c be (-1)/((-12)/(-78) - 1/(-78)). Let h(x) = x**2 + 7*x + 4. What is h(c)?
-2
Let m(t) = t + 1. Let v be 1/(1/2) + 0. Calculate m(v).
3
Let u(f) = f**3 - 14*f**2 - 18*f + 41. Let p be u(15). Let i(x) = x**2 + 3*x + 6. Determine i(p).
10
Let i(k) = -k + 15. Let u be i(18). Let s(a) be the third derivative of -a**6/120 - a**5/20 - a**4/8 + a**3/3 - a**2. Determine s(u).
11
Let u = -41 + 45. Let b(f) = f**2 - 6*f + 3. Calculate b(u).
-5
Let h(u) = -u - 1. Let b(t) = 4. Let a(z) = b(z) + 2*h(z). Let d = -5 - -9. Calculate a(d).
-6
Let w(m) = m**2 + 2*m + 1. Suppose 28 = -23*t + 9*t. What is w(t)?
1
Let n be 4/1 + 0 + -3. Let f(c) = -6*c**3 + c**2 - c + 1. Calculate f(n).
-5
Let z(m) = -2*m + 51*m**2 + 2 - 25*m**2 - 27*m**2 + m. Suppose -3*x = -r - 9, 3*x - 9 = -0*x. Determine z(r).
2
Let n(t) be the first derivative of -t + 2/3*t**3 - t**2 + 3 + 1/20*t**5 - 5/12*t**4. Let c(s) be the first derivative of n(s). Determine c(4).
-2
Let p(h) = -4*h + 3. Suppose 0 = -5*n - 15, -2*n - 3 - 2 = -s. Let r(x) = -3*x**3 + 2*x + 1. Let q be r(s). What is p(q)?
-5
Suppose 0 = 5*n - 13 - 2. Let u be 2 - 2 - 1 - -6. Let s be (-9 - -3) + n + u. Let l(q) = q**2 - q + 2. Calculate l(s).
4
Let u(i) = 2*i. Let o(d) = d**2 - d. Let a be o(-2). Let y be 16/12*a/4. Calculate u(y).
4
Let c(x) = 4*x**3 - 16*x**2 + 21*x - 8. Let i(m) = m**3 - 4*m**2 + 5*m - 2. Let q(f) = -2*c(f) + 9*i(f). What is q(2)?
-4
Suppose s + 6 = 2*c, 4*c - 9 = 3*s + 3. Let t(b) be the first derivative of -1/3*b**c + 3/2*b**2 - 2*b - 3. What is t(4)?
-6
Let x(j) = j**3 + 3*j**2 - 4*j. Let k(u) = u**2 - u - 1. Let o(c) = -2*k(c) + x(c). Calculate o(2).
10
Suppose 4 = 4*k - 4*r, 5*r - 19 = -k - 0. Let x(v) = -v**2 + 3. Give x(k).
-13
Let g be (-5)/(-7) + (-4)/(-14). Suppose 2*t - g = 7. Let v be ((-15)/(-10))/(3/t). Let a(y) = -4*y + 2. Calculate a(v).
-6
Let f be (-3 - (-24)/9)*-9. Suppose -f*v - 2 = 1. Let m(w) = 11*w**3 - w**2. Determine m(v).
-12
Let m(k) = -k**3 - 8*k**2 + 10*k + 3. Let r(a) = -3*a + 42. Let i be r(17). What is m(i)?
-6
Let j(s) = -s + 2. Let h(m) = -1 - 2 + 4 - m**2 - 2*m. Let p be h(-3). Give j(p).
4
Let c(g) = -8*g + 1. Let w = -10 - -13. Let h be (4/(-6))/((-2)/w). Determine c(h).
-7
Suppose -2*j + 10 + 11 = 5*f, 2*f - 16 = 3*j. Let w(z) = 2*z - 9. Let n(x) = -x + 4. Let m(t) = 13*n(t) + 6*w(t). Give m(f).
-7
Let f = -2 - -5. Suppose q = -f*r - 3*q - 11, 0 = 5*q + 25. Suppose 5*l - r = -13. Let j(v) = 2*v**2 + 3*v + 1. Determine j(l).
3
Let h(l) be the second derivative of -1/6*l**3 + 0 - 2*l + 0*l**2. Suppose -3*w = -0*f + 4*f + 7, 5*f = 2*w - 3. Give h(w).
1
Suppose -4*a + 1 = -3. Suppose 2*r + 3 = -q - 3, 0 = 5*q + 4*r + 6. Let s(y) = -y**q + 2*y - 2*y + 0*y. Calculate s(a).
-1
Suppose -z + 6*k - 2*k = -1, 3*k = 3. Suppose -5*o = -0*o - z. Let u(g) = 4*g**2 - g + 2. Let c(i) = -i**2 + i - 1. Let w(n) = 